*c + 84. Give a(-6).
48
Let g(x) = 5*x**3 - 16*x**2 + 27*x + 7. What is g(3)?
79
Let h(x) = 31*x + 129. What is h(-1)?
98
Let w(y) = -y**3 + 3*y**2 + 9*y - 8. Give w(4).
12
Let n(x) = 173*x**3 - 2*x**2 + 5*x - 2. Give n(1).
174
Let s(r) = -3*r**2 + 93*r + 117. Give s(30).
207
Let u(o) = 2*o**3 - 32*o**2 - 6*o - 32. Calculate u(16).
-128
Let o(x) = 600*x + 12005. Determine o(-20).
5
Let c(s) = s**2 + 25*s + 28. Determine c(-34).
334
Let n(z) = -2*z**3 + 112*z**2 + 110*z + 228. Determine n(57).
0
Let o(n) = n**2 - 122*n - 10191. Calculate o(-57).
12
Let q(j) = -471*j + 940. Determine q(2).
-2
Let f(v) = 3*v**3 - 104*v**2 - 30*v - 175. Give f(35).
0
Let v(q) = 157*q + 1535. What is v(-9)?
122
Let v(b) = -13*b - 71. What is v(-24)?
241
Let m(v) = -59*v**2 - 1229*v + 168. What is m(-21)?
-42
Let z(f) = f**2 + 73*f + 1031. Determine z(-19).
5
Let p(d) = 25*d + 80. Give p(-7).
-95
Let i(y) = 5*y**2 - 139*y + 343. Calculate i(25).
-7
Let l(p) = -43*p + 597. Calculate l(8).
253
Let i(u) = 2*u**3 + 24*u**2 - 5*u - 3. Give i(-12).
57
Let k(a) = -a**3 + 48*a**2 - a + 43. What is k(48)?
-5
Let v(n) = 6*n**2 + 315*n + 747. Give v(-50).
-3
Let m(i) = -13*i**3 + 129*i**2 + 7*i + 14. Determine m(10).
-16
Let p(t) = 1403*t + 102404. Give p(-73).
-15
Let p(j) = j**3 - 13*j**2 + 28*j - 197. What is p(12)?
-5
Let m(b) = 3*b**3 - 20*b**2 - 258*b + 11. Calculate m(13).
-132
Let z(y) = 497*y + 7469. Determine z(-15).
14
Let m(g) = 4*g**3 - 3*g**2 + 3*g - 4. What is m(-3)?
-148
Let q(d) = -d**2 - 21*d - 77. Determine q(-15).
13
Let z(s) = -3*s**2 + 147*s + 651. Give z(54).
-159
Let n(k) = -31*k + 24. What is n(3)?
-69
Let p(j) = j**3 + 3*j**2 - 22*j + 19. Determine p(4).
43
Let r(u) = 2*u**3 - 3*u**2 - 41*u + 191. What is r(6)?
269
Let l(g) = -6*g + 13. Determine l(-20).
133
Let t(d) = -52*d**3 - 2*d**2 + 73*d + 74. Calculate t(-1).
51
Let b(c) = 6*c**2 + 10*c - 18. Give b(2).
26
Let n(j) = -27*j**2 - 166*j - 238. Calculate n(-4).
-6
Let h(g) = 813*g**2 + 39*g + 39. Determine h(-1).
813
Let q(c) = -2*c**2 - 45*c + 3. What is q(-20)?
103
Let f(x) = 30*x**2 + x - 6. What is f(-2)?
112
Let h(t) = -t**3 + 23*t**2 - 84*t - 56. Give h(17).
250
Let h(s) = s**2 - 65*s + 372. Calculate h(58).
-34
Let u(g) = -g**3 + 41*g**2 - 2*g - 2. Determine u(0).
-2
Let x(c) = -27*c**2 - 9*c + 7. Give x(2).
-119
Let o(j) = -97*j - 5525. Give o(-57).
4
Let m(p) = -p**3 + 4*p**2 + 406*p - 1226. Determine m(3).
1
Let p(j) = -861*j - 4367. Determine p(-5).
-62
Let t(d) = 19*d - 78. What is t(-4)?
-154
Let s(x) = 40*x - 185. What is s(4)?
-25
Let o(t) = 39*t + 39. What is o(-4)?
-117
Let p(x) = 5*x**2 + 153*x + 643. Give p(-5).
3
Let m(l) = 50*l + 121. Give m(-2).
21
Let l(v) = -v**3 + 90*v**2 - 1396*v - 77. What is l(20)?
3
Let q(i) = 775*i + 3092. Calculate q(-4).
-8
Let r(d) = -d**2 + 237*d - 2278. Calculate r(227).
-8
Let c(w) = -3*w + 126. Determine c(55).
-39
Let r(o) = o**3 + 15*o**2 + 10*o + 185. Calculate r(-15).
35
Let q(s) = -4*s**2 - 263*s - 530. Calculate q(-2).
-20
Let w(v) = 4*v**2 - 265*v - 254. Determine w(67).
-53
Let l(d) = 163*d**3 - 26*d**2 - 1. Give l(-1).
-190
Let k(j) = j**2 + 230*j - 105803. Determine k(230).
-3
Let o(n) = -26*n + 700. What is o(31)?
-106
Let q(n) = 61*n + 244. Calculate q(-7).
-183
Let b(t) = -3*t**3 - 67*t**2 + 36*t - 233. Determine b(-23).
-3
Let o(k) = -k**2 + 17*k - 44. Determine o(7).
26
Let f(t) = -2*t**2 - 71*t - 489. Determine f(-25).
36
Let s(g) = -4*g**3 + 83*g**2 + 30*g - 109. What is s(21)?
80
Let w(m) = m**3 - 144*m**2 + 203*m - 8596. What is w(143)?
-16
Let b(z) = -z**2 - 32*z - 8. Determine b(-33).
-41
Let z(a) = -43*a + 1052. Determine z(27).
-109
Let t(z) = -37*z - 361. Calculate t(-9).
-28
Let y(f) = -f**2 - 18*f - 104. Give y(-11).
-27
Let n(y) = 12*y**2 - 118*y + 4. Calculate n(8).
-172
Let w(p) = -5*p**3 + 55*p**2 + 68*p - 99. What is w(12)?
-3
Let w(m) = 2*m**3 + 17*m**2 + 37*m + 22. Calculate w(-6).
-20
Let d(x) = -83*x**2 + 16103*x - 219. What is d(194)?
-25
Let j(a) = -1437*a - 12929. Give j(-9).
4
Let n(g) = -2*g**2 - 356*g - 6052. What is n(-19)?
-10
Let z(n) = -n**3 - 8*n**2 + 10*n + 11. Determine z(-7).
-108
Let s(t) = 44*t - 52. Calculate s(-4).
-228
Let i(f) = -50*f + 2453. Calculate i(49).
3
Let y(i) = 11*i**2 + 72*i - 333. Calculate y(3).
-18
Let v(k) = -8*k**2 - 25*k - 5. Determine v(-5).
-80
Let y(f) = 63*f - 680. What is y(11)?
13
Let k(j) = 64*j + 1280. Give k(-27).
-448
Let s(h) = 2*h**2 + 3*h + 15. Calculate s(-10).
185
Let j(f) = 17*f + 324. Calculate j(-20).
-16
Let r(y) = y**2 - 161*y + 3623. What is r(134)?
5
Let i(z) = -155*z - 8843. Calculate i(-57).
-8
Let x(v) = 2*v**3 - 55*v**2 - 75*v + 2753. Determine x(27).
-1
Let v(w) = -w**2 + 28*w + 20. What is v(-6)?
-184
Let u(x) = -10*x**2 + x - 5. Determine u(1).
-14
Let n(p) = 9*p**2 - 2*p + 31. Give n(-8).
623
Let n(f) = 12*f - 91. Give n(25).
209
Let v(q) = -9*q**3 - 223*q**2 + 60*q + 264. What is v(-25)?
14
Let t(c) = -2*c**2 - 24*c + 12. Give t(-10).
52
Let j(x) = -6*x**2 - 8*x - 4. What is j(-6)?
-172
Let v(x) = -76*x**3 + 834*x**2 + 25*x - 47. What is v(11)?
-14
Let g(d) = 24*d**3 + 6*d**2 + 23*d + 18. Determine g(-1).
-23
Let p(l) = -277*l - 818. What is p(-3)?
13
Let b(k) = -172*k - 1221. What is b(-7)?
-17
Let z(i) = -22*i - 196. Give z(-9).
2
Let p(v) = v**3 - 5*v**2 - 3*v + 16. Give p(5).
1
Let r(p) = -819*p + 1649. What is r(2)?
11
Let x(v) = 83*v + 369. Give x(-5).
-46
Let h(r) = 56*r**2 - 9*r - 18. Determine h(2).
188
Let y(j) = -12*j + 533. Calculate y(45).
-7
Let w(t) = t**3 + 21*t**2 + 191*t + 5447. What is w(-23)?
-4
Let d(n) = -n**2 - 392*n - 1899. What is d(-5)?
36
Let o(v) = v - 10. Calculate o(-7).
-17
Let c(s) = 13*s**2 - 34*s - 92. Calculate c(-5).
403
Let t(h) = -h**3 - 10*h**2 + 58*h + 22. Calculate t(-14).
-6
Let c(h) = h**2 - 1613*h + 8044. Calculate c(5).
4
Let h(t) = 64*t + 5315. What is h(-81)?
131
Let y(h) = -5*h**3 - 105*h**2 - 3*h - 59. What is y(-21)?
4
Let v(d) = 24*d**2 + 18*d + 3. What is v(-2)?
63
Let u(f) = -f**3 - 39*f**2 - 188*f + 316. Calculate u(-33).
-14
Let p(r) = 26*r**3 - r**2 - 5*r + 3. What is p(2)?
197
Let c(h) = 10*h**2 + 29*h - 33. Determine c(-4).
11
Let o(b) = -1097*b - 26312. What is o(-24)?
16
Let d(y) = -13*y - 501. Calculate d(-12).
-345
Let f(g) = -g**2 + 49*g + 3499. Determine f(-40).
-61
Let h(n) = 122*n - 15012. Calculate h(123).
-6
Let c(x) = -830*x**3 + 18*x - 18. Calculate c(1).
-830
Let b(c) = c**3 - 8*c**2 - 16*c - 38. Determine b(9).
-101
Let r(s) = 5*s + 23. Calculate r(-8).
-17
Let o(n) = 2*n**2 + 43*n - 5085. What is o(41)?
40
Let h(t) = -8*t**2 - 598*t + 1187. Give h(2).
-41
Let a(n) = -41*n - 4603. Calculate a(-115).
112
Let i(a) = -a**3 + 95*a**2 - 177*a + 9. Determine i(93).
846
Let w(l) = -16869*l - 202429. Give w(-12).
-1
Let k(i) = -17*i**2 + 285*i + 52. What is k(17)?
-16
Let g(j) = -j**3 + 4*j**2 + 45*j + 144. Calculate g(10).
-6
Let h(c) = 2*c**2 + 63*c + 399. Calculate h(-13).
-82
Let z(h) = 60*h - 4797. What is z(80)?
3
Let q(u) = 2*u**3 + 68*u**2 + 583*u + 134. Give q(-18).
8
Let q(x) = x**3 - 16*x**2 - 36*x + 24. Calculate q(18).
24
Let v(b) = 9*b - 102. Give v(22).
96
Let r(i) = -i**2 + 28*i + 142. What is r(33)?
-23
Let a(l) = -613*l**2 + 4903*l + 7. Determine a(8).
-1
Let j(l) = l**2 + 4*l - 89. Calculate j(8).
7
Let x(d) = 9*d**3 + 51*d**2 - 26*d - 48. Calculate x(-6).
0
Let i(k) = -k**2 - 30*k - 95. Determine i(-3).
-14
Let p(a) = 10*a**2 - 368*a - 56. Determine p(37).
18
Let w(x) = 2*x**3 - 178*x**2 - 182*x + 133. Determine w(90).
-47
Let b(c) = -638*c - 641. Give b(-1).
-3
Let g(o) = o**2 - 40*o - 152. What is g(43)?
-23
Let c(h) = h**3 - 32*h**2 - 81*h - 846. Give c(35).
-6
Let w(j) = 156*j + 10140. Calculate w(-63).
312
Let b(k) = 2*k**2 + 489*k + 4297. Calculate b(-9).
58
Let q(x) = x**3 - 7*x**2 - 9*x + 27. Give q(8).
19
Let m(r) = -r**3 - 2*r**2 - 5*r - 41. Give m(0).
-41
Let u(t) = 11*t**2 - 31*t + 128. Calculate u(4).
180
Let j(x) = x**3 + 7*x**2 + 19*x + 126. Calculate j(-7).
-7
Let d(t) = -2*t**2 + 126*t + 72. Calculate d(63).
72
Let n(s) = -21*s**3 + 11*s**2 - 10*s + 1. Calculate n(1).
-19
Let c(n) = 464*n + 4646. Give c(-10).
6
Let k(i) = -2*i**2 - 48*i - 540. Calculate k(-12).
-252
Let x(g) = 2*g**3 - 29*g**2 - 135*g + 166. What is x(18)?
4
Let y(b) = -11